t is -20d - 261?
-470
In base 5, what is 302320 + -3?
302312
In base 6, what is 124241 - 3?
124234
In base 7, what is -22031650 - -2?
-22031645
In base 11, what is -4 + -276792?
-276796
In base 9, what is -713270 - -1?
-713268
In base 13, what is 12584 + -3?
12581
In base 7, what is 614310 + -15?
614262
In base 3, what is -100010120211220 - 12?
-100010120212002
In base 12, what is 209 + -9aa?
-7a1
In base 12, what is -500 - 17?
-517
In base 14, what is 35895 + 3?
35898
In base 3, what is 11 + -1222100?
-1222012
In base 8, what is 3 - 305761?
-305756
In base 3, what is -10222020010 - -1?
-10222020002
In base 8, what is 5 - -24004?
24011
In base 12, what is 73 - 503?
-450
In base 7, what is 200 + 4261?
4461
In base 8, what is 5566173 + 6?
5566201
In base 3, what is 222220120 + -110?
222220010
In base 3, what is -11111 + -20120?
-102001
In base 6, what is -43552 - 503?
-44455
In base 5, what is -4 + 103100443?
103100434
In base 10, what is 54 + 133?
187
In base 10, what is -2017 + 19?
-1998
In base 7, what is 30511 - -431?
31242
In base 11, what is 102 - -19?
120
In base 12, what is 5518 + 7b?
5597
In base 14, what is -288 + 11?
-277
In base 12, what is 8a5a + 0?
8a5a
In base 11, what is 3 - 7012?
-700a
In base 7, what is 34250 + 0?
34250
In base 13, what is -44cc25 + 3?
-44cc22
In base 13, what is 21ac - -12?
21c1
In base 11, what is -93 - 270?
-353
In base 3, what is -102220111120120 + -12?
-102220111120202
In base 16, what is 2e5 - 84?
261
In base 2, what is 110001 - 10111111?
-10001110
In base 16, what is 296 - 8e?
208
In base 10, what is -47 + 1044?
997
In base 4, what is -2122130 - 2113?
-2130303
In base 16, what is -1264 - 3?
-1267
In base 12, what is -424 - -66?
-37a
In base 12, what is -1338 - -50b?
-a29
In base 10, what is 5 - -13482?
13487
In base 12, what is -3b751 - -5?
-3b748
In base 15, what is -d + -5346?
-5354
In base 15, what is e - 6b?
-5c
In base 16, what is 3747 - 2?
3745
In base 10, what is -24 - -23643?
23619
In base 4, what is -232123 + 1303?
-230220
In base 13, what is -2c2450 - 1?
-2c2451
In base 4, what is 220 - 33223?
-33003
In base 15, what is -9135 - -c?
-9128
In base 10, what is 10705 + 0?
10705
In base 13, what is -149 + 856?
70a
In base 8, what is -7 + -15601?
-15610
In base 11, what is 22 - -113457?
113479
In base 6, what is -110432 - -4?
-110424
In base 3, what is -1202010200 - 10?
-1202010210
In base 16, what is 140 + 3c9?
509
In base 3, what is 12 - 2121201112?
-2121201100
In base 15, what is 3475 + 0?
3475
In base 4, what is 103232 + -111220?
-1322
In base 15, what is -1 + -d70?
-d71
In base 6, what is -1 - 23544114?
-23544115
In base 5, what is 211 - -121132?
121343
In base 8, what is -13253 - -24?
-13227
In base 10, what is -12713 + 8?
-12705
In base 2, what is -100000110000011 - -10010?
-100000101110001
In base 3, what is -2110102021 + -2?
-2110102100
In base 5, what is 32314 - 112?
32202
In base 6, what is 22 + -2323240?
-2323214
In base 15, what is 1c16 - 9?
1c0c
In base 4, what is 31001301 - 120?
31001121
In base 16, what is 10 - -3c03?
3c13
In base 5, what is -324004 + 10?
-323444
In base 13, what is c + -54a81?
-54a72
In base 16, what is -b + 9d7?
9cc
In base 14, what is 1c4b1 + 2?
1c4b3
In base 6, what is 5 + 531451?
531500
In base 5, what is -233 + 32424?
32141
In base 16, what is 3757 + 5?
375c
In base 3, what is 1202100 + 1211?
1211011
In base 15, what is 2a - d8a?
-d60
In base 12, what is -991a + 131?
-97a9
In base 6, what is 13234 + -20?
13214
In base 15, what is -7c10 - 6?
-7c16
In base 11, what is -4 + -6445?
-6449
In base 4, what is -121301323 + -11?
-121302000
In base 13, what is 1 + 5336?
5337
In base 6, what is 145 - -141534?
142123
In base 8, what is -2173 + -33?
-2226
In base 3, what is 112220210 - -110?
112221020
In base 14, what is -2b + -19b89?
-19bb6
In base 4, what is -2000 - 1233?
-3233
In base 11, what is 2415 - -7?
2421
In base 16, what is -9c - -2d?
-6f
In base 14, what is -10b + -ac?
-1b9
In base 2, what is 100010011011001111 + 10?
100010011011010001
In base 7, what is 25621 - -143?
26064
In base 9, what is -21484 + -10?
-21504
In base 2, what is -1 - 1011001010011?
-1011001010100
In base 6, what is -20 - -121133?
121113
In base 4, what is 110 - -2103000?
2103110
In base 16, what is -77 + -13ec?
-1463
In base 6, what is -3543 - 5?
-3552
In base 13, what is -3 + 31ca?
31c7
In base 5, what is -10144431 - -30?
-10144401
In base 16, what is 227 + b4?
2db
In base 13, what is 2 + -55547?
-55545
In base 16, what is ed1 + -11?
ec0
In base 13, what is 22 + -156b?
-1549
In base 11, what is -101 - 3578?
-3679
In base 9, what is 534 + -3?
531
In base 6, what is -1 - -54021?
54020
In base 3, what is -1 - 2200202212?
-2200202220
In base 3, what is -10202012 - -1100112?
-2101200
In base 13, what is 493 + -21?
472
In base 3, what is 111201000121 - -1?
111201000122
In base 16, what is 986 + 1c9?
b4f
In base 8, what is -4223 - 5?
-4230
In base 14, what is -300 - -1b75?
1875
In base 9, what is 4456 + -28?
4427
In base 14, what is 4d7b + -5?
4d76
In base 5, what is 202 + -104224?
-104022
In base 7, what is -25426416 - -5?
-25426411
In base 7, what is -4 + -3402411?
-3402415
In base 4, what is -2 - -13013012132?
13013012130
In base 15, what is 85 - -771?
806
In base 3, what is 10 - -122110121220?
122110122000
In base 16, what is -15b + 11d?
-3e
In base 8, what is -206521 + -134?
-206655
In base 13, what is 188 - 19a4?
-1819
In base 3, what is -1021001212 - 12?
-1021002001
In base 8, what is 3 + 34757?
34762
In base 7, what is 0 + -1256334?
-1256334
In base 10, what is 9 - 7670?
-7661
In base 2, what is -100011101011110 + -100100?
-100011110000010
In base 13, what is -5 + 25bc3?
25bbb
In base 16, what is -25464 - -1?
-25463
In base 11, what is -7 + -5250?
-5257
In base 12, what is -127 + -7?
-132
In base 13, what is 23 + 4067?
408a
In base 14, what is -9b77 + -2a?
-9ba3
In base 3, what is -12 - 101220111?
-101220200
In base 10, what is 2460766 + -5?
2460761
In base 9, what is 1713 - 173?
1530
In base 13, what is -58235 + 5?
-58230
In base 11, what is -7a - 941?
-a10
In base 8, what is 11047 + -40?
11007
In base 10, what is 2 - -33846?
33848
In base 14, what is -6a73b - 1?
-6a73c
In base 7, what is 13 + -13230?
-13214
In base 7, what is 5262 - -533?
6125
In base 15, what is -1b3b + 19?
-1b22
In base 11, what is 312 + -1013?
-801
In base 15, what is -dc - 934?
-a21
In base 4, what is 1010 + 110321?
111331
In base 3, what is 0 - 211101222?
-211101222
In base 9, what is 12 - 21062?
-21050
In base 12, what is -5 + -5811?
-5816
In base 10, what is -87 - 446?
-533
In base 3, what is 100020 + -20211?
2102
In base 15, what is 44ab0 + 3?
44ab3
In base 7, what is 40154 - 25?
40126
In base 12, what is 13 - -27670?
27683
In base 13, what is -8 + -a2c6?
-a301
In base 6, what is 0 + 12135223?
12135223
In base 15, what is -2965b - -2?
-29659
In base 8, what is 0 + -4366?
-4366
In base 10, what is 226275 - -7?
226282
In base 16, what is ab44 - 24?
ab20
In base 4, what is -1203201130 + 2?
-1203201122
In base 14, what is 44a - -2?
44c
In base 14, what is 1d + -574?
-555
In base 16, what is -22fff3 - 2?
-22fff5
In base 5, what is 1313 - 13304?
-11441
In base 16, what is 80fb6 - 2?
80fb4
In base 12, what is 14a - 108?
42
In base 5, what is -11414102 + -2?
-11414104
In base 10, what is 2284 + 218?
2502
In base 4, what is -12121 - -132?
-11323
In base 4, what is 21 - 21123101?
-21123020
In base 14, what is -3a14c - c?
-3a15a
In base 6, what is 1 - -12401551?
12401552
In base 2, what is -100 - 1000000000000010110?
-1000000000000011010
In base 3, what is 110211 + -2111?
101100
In base 8, what is 256623 - 5?
256616
In base 15, what is 1 - -45cd?
45ce
In base 10, what is -87 - -274?
187
In base 4, what is 10 - -200101333?
200102003
In base 14, what is 2 + -42a9?
-42a7
In base 9, what is -124 - -16?
-107
In base 12, what is -188 + -150a?
-1696
In base 3, what is 220101200 - -1022?
220102222
In base 5, what is -40432013 - 2?
-40432020
In base 2, what is 10100010101 - 111111110?
1100010111
In base 3, what is -10202110 + 111?
-10201222
In base 2, what is 10001110000 + -11?
10001101101
In base 2, what is -1 + -101011110101000100?
-101011110101000101
In base 11, what is -16a8 + 1a?
-1689
In base 12, what is -a0 - -4a?
-52
In b